6. What are the prime factors of r?
7, 3613
Let r be (4 - (2 + -2))/((-8)/(-11660)). Suppose 0 = -5*h + 5*t + r, -7*h + 4682 = -3*h + 2*t. What are the prime factors of h?
7, 167
What are the prime factors of (14958/(-9))/(2 + -2 + 4 + -6)?
3, 277
Let w(u) = -5*u**2 - 8. Let p be w(-6). Let j = p - -221. What are the prime factors of j?
3, 11
Let i be 10*(14/(-4) - -4). Suppose 0*o + o - i*z = 208, 0 = -o - 2*z + 236. What are the prime factors of o?
2, 3, 19
Suppose -3*h + 32436 = 5*z, z = -22*h + 17*h + 54038. List the prime factors of h.
101, 107
Suppose -155840 = -14*y - 4*y + 2*y. List the prime factors of y.
2, 5, 487
Suppose 0 = -128*j + 110*j + 91584. List the prime factors of j.
2, 3, 53
Suppose 5*h + 50 = -4*s, -9 = -5*h - s - 44. What are the prime factors of (h - 102/(-12))*132?
2, 3, 5, 11
Suppose 0 = -242*l + 296*l - 300402. List the prime factors of l.
5563
Suppose -5*y - 3*k - 2488 = -423, 0 = y - 3*k + 431. Let r = 38 + -46. What are the prime factors of y/r - (-9)/(-3)?
7
What are the prime factors of 57577/43 - 0/2?
13, 103
List the prime factors of 3/(-21) + (37598/7 - (-4)/2).
3, 199
Suppose 0 = 3*a - f - 282 - 578, -2*a + 3*f = -578. Suppose 0 = 1284*s - 1245*s + 2379. Let i = a + s. List the prime factors of i.
3, 5
Suppose -w - 5537 = -4*t + 3612, -5*t + 11428 = -4*w. Let i = t + -1092. List the prime factors of i.
2, 13, 23
Suppose -6*l - p + 30 = -l, 4*p = l - 27. Suppose 5*c = -5*r + 890, l*c - 15 = 4*c. What are the prime factors of r?
173
Let d(w) = 7*w**2 - 29*w + 6. Let h be d(6). What are the prime factors of (-4)/(-2) + h/(-12) - -347?
2, 3, 19
What are the prime factors of 117015576/1798 - 1/(-29)?
151, 431
Let v(a) be the third derivative of a**5/60 - a**3/2 + 7*a**2. Let m = -28 + 22. What are the prime factors of v(m)?
3, 11
Let t(v) = -v**2 + 7*v + 6. Let a be t(7). Let y(i) = i**2 - 9*i + 21. Let d be y(a). Suppose -364 - 41 = -5*m + 3*z, -d*z = -15. List the prime factors of m.
2, 3, 7
Suppose 5*o - 2*h - 169595 - 281993 = 0, 0 = -5*h + 5. List the prime factors of o.
2, 3, 15053
Let j be (-5 - (-198)/30)/((-5)/(-25)). List the prime factors of (4 + (-34)/j)*-1468.
367
List the prime factors of (1089 + (-3)/3 - (151 + -142)) + 0.
13, 83
Let d(m) be the third derivative of 7*m**5/10 + 11*m**4/24 - 35*m**3/6 + m**2 + 29*m. List the prime factors of d(3).
2, 47
Let h = 58 + -52. Suppose -h*p = -12*p + 3492. What are the prime factors of p?
2, 3, 97
Suppose 2*l = 2*t - 84952, 2*t - 5*l + 11600 - 96579 = 0. What are the prime factors of t?
42467
Let q(s) be the third derivative of -s**6/120 - s**5/5 - 3*s**4/4 - 3*s**3 + 13*s**2. List the prime factors of q(-13).
5, 7, 11
Let s(f) = -233*f**2 + 682*f**2 - 224*f**2 - 3 - 228*f**2 + 4*f + 17*f**3. List the prime factors of s(3).
3, 7
Let n be (-52)/5 - 4*(-3)/30. Let m(t) be the third derivative of t**6/120 + 13*t**5/60 + 23*t**4/24 - 7*t**3/3 - t**2. List the prime factors of m(n).
2, 7
Let a(u) be the second derivative of u**4/3 - 2*u**3/3 - 6*u**2 - 3*u - 49. Let g be 3*(0 - 1)*1. List the prime factors of a(g).
2, 3
Let p be ((-12)/8)/(4 + (-15)/4). List the prime factors of p + 1029 + -2 + 8.
3, 7
Let a = -43 + 46. Let k(f) = -3 - 1 + 15*f**a + 5 + 27*f**3. List the prime factors of k(1).
43
List the prime factors of ((-4232)/(-23))/(69/33 - 2).
2, 11, 23
Suppose 64*u + 15*u - 501492 = 0. What are the prime factors of u?
2, 3, 23
Let k(v) = -5*v**3 + 20*v**2 - 91*v - 8. Let f(y) = -y**3 + y + 1. Let n(s) = 4*f(s) - k(s). What are the prime factors of n(15)?
2, 3, 13
Let p(u) = -34*u + 3*u - 58 - 37*u + 2*u. What are the prime factors of p(-6)?
2, 13
Let b be (21/(-2))/((-18)/(-11976)). What are the prime factors of b/(-28) - (-2)/(-4)?
3, 83
Suppose 32*s = -3*t + 33*s + 330, 3*t + 3*s = 330. Let h = t + 29. What are the prime factors of h?
139
Suppose 238*c = 233*c - 165. Let n(o) = o**3 + o**2 + o + 77. Let m be n(0). Let g = c + m. What are the prime factors of g?
2, 11
Suppose 2*h - 8*h = -15444. Let d = 3822 - h. What are the prime factors of d?
2, 3, 13
Suppose 144 = -7*a - 87. Let n be 0/5 - (a - -1). Let i = n - -44. List the prime factors of i.
2, 19
Suppose 5*h - 129454 = -4*z, -5*h - 36475 + 165926 = z. What are the prime factors of h?
2, 3, 5, 863
Let k = -12223 + 18564. What are the prime factors of k?
17, 373
Let a(g) = g**2 + 3*g - 37. Let q = 380 - 369. What are the prime factors of a(q)?
3, 13
Let c(j) = -5*j - 28. Let n be c(-6). Let r(g) = 34*g**3 + 2*g**2 - 6*g - 1. What are the prime factors of r(n)?
3, 89
What are the prime factors of ((-1023)/(-9))/11*1*123?
31, 41
What are the prime factors of (-15 - (-4416217)/156) + (-1)/12 + -3?
19, 1489
Suppose -45*x - 19*x = -27*x - 666. List the prime factors of x.
2, 3
Suppose -h - 3*u - 30855 = -6*h, 0 = h - 5*u - 6193. List the prime factors of 9/((-270)/h)*25/(-10).
2, 257
Suppose 177 = -5*i - 3*t + 4*t, 0 = -4*i - 5*t - 159. Let z = 44 + i. Suppose 264 + z = 8*o. What are the prime factors of o?
2, 17
Suppose 41*n + 3770 = 42*n. Suppose 5*b - n = -4*v, -v + 2*v - b = 947. What are the prime factors of v?
3, 5, 7
Let j be 6 - (-4 - -6 - -2) - 0. Suppose -1389 = j*u + 1359. List the prime factors of u/18*-3*1.
229
Let q(z) = 40*z**3 + z + 25. Suppose -3*t + 2*n + 0 + 5 = 0, 22 = 4*t + 5*n. What are the prime factors of q(t)?
2, 277
Let f(c) = -8*c + 4. Let d be f(-1). Let s(r) = r**3 - 12*r**2 + r - 12. Let a be s(d). Let z = 40 - a. List the prime factors of z.
2, 5
Let v(q) = -3*q**2 + 8 + 15*q - 8*q + 5*q**2 - 3*q**2. Let m be v(7). Suppose m*x - 3*x + 355 = 5*a, a - 4*x = 86. List the prime factors of a.
2, 3, 11
Let f = 64486 + -45648. List the prime factors of f.
2, 9419
Let r be (-6)/(-10) + -6 + (-63)/5. Let f be (-4)/r - (-6 + 6376/18). Let y = 500 + f. List the prime factors of y.
2, 19
Suppose 22*t + 32 = 23*t. Let l = -17 + t. What are the prime factors of (-3 - -54) + l/5?
2, 3
Let j = -9971 - -10139. Suppose 8 = 6*q - 2*q. List the prime factors of -1 - (-152)/q - j/(-42).
79
Suppose -82*n + 80*n = -4*g + 6392, 5*n + 2*g = -15968. List the prime factors of n/(-16) + 1 - 213/(-568).
3, 67
Let m(k) = 3 - 3 + 3 + 2 - 8*k. Let s be m(-1). What are the prime factors of 1/2*1014/s?
3, 13
Let x = 87 + -51. Let s be ((-7)/21)/((-3)/x). Suppose t + s*i - 209 = 0, 4*i + 517 = 2*t + 159. List the prime factors of t.
3, 7
Let r = 29 - 24. Suppose -2*d + g = 3*d - r, -5*g - 25 = -d. Let a = d + 28. List the prime factors of a.
2, 7
Let i(t) be the second derivative of t**4/12 - 4*t**3/3 + 6*t**2 + 14*t. Let y be i(8). Suppose -8*a - 140 = -y*a. List the prime factors of a.
5, 7
Suppose 12 = 4*s, 20*s - 7785 = -2*v + 23*s. What are the prime factors of v?
3, 433
Let x(r) = 6*r**2 + 2*r**2 - 7*r**2 + 0*r**2 + r + 187 + 4*r. List the prime factors of x(27).
1051
Let y(r) = r**3 + 39*r**2 - 14*r - 46. List the prime factors of y(-33).
2, 5, 139
Suppose -302*r = -239*r - 1578087. What are the prime factors of r?
37, 677
Let l(i) be the second derivative of -13*i**2 + 1/12*i**4 + 1/6*i**3 - 33*i + 0. List the prime factors of l(10).
2, 3, 7
Let v(w) = 155*w**2 + 54*w + 122. List the prime factors of v(-14).
2, 107, 139
Suppose -3*z + 19*u + 79229 = 24*u, -4*z = u - 105650. What are the prime factors of z?
61, 433
Let j(o) = 1 - 5 + 104592*o - 104704*o. List the prime factors of j(-8).
2, 223
Suppose -n = -5*g + 72, 2*n = -g + 29 - 8. List the prime factors of 7120/g - ((-4)/(-3))/(-4).
5, 19
Suppose 0 = -1337*m + 1329*m + 9752. Let q = m + -535. What are the prime factors of q?
2, 3, 19
Suppose 4640 + 6870 = 10*m. What are the prime factors of m?
1151
What are the prime factors of ((1 - 0) + -2)*96568/16*-4?
2, 12071
Let f be 0*(2 + -3 + (-39)/(-52)). Suppose 34*v - 15558 - 25548 = f. What are the prime factors of v?
3, 13, 31
Let o be 61633/33*(1 - -2). Suppose 4*l - 4487 = -3*g, -5*l - 28*g = -30*g - o. List the prime factors of l.
19, 59
Suppose 6*y - 5*j + 21 = 7*y, -2*j = -5*y - 3. List the prime factors of 1326 - (-1 + y/(-1)).
2, 83
Suppose c = 153 + 3. Suppose -j + 4*v = -68, -2*j - v = -4*v - c. Suppose -i - j = -4*i. What are the prime factors of i?
2, 7
Suppose -41 = 3*a + 100. Let q(n) = n**3 + 47*n**2 - 22*n - 50. List the prime factors of q(a).
2, 3, 41
Let r = 24990 - 12286. L